{"id":82,"date":"2018-07-21T13:22:10","date_gmt":"2018-07-21T10:22:10","guid":{"rendered":"http:\/\/www.ikame.org.tr\/test\/?page_id=82"},"modified":"2018-07-27T15:46:43","modified_gmt":"2018-07-27T12:46:43","slug":"ev","status":"publish","type":"page","link":"https:\/\/www.ikame.org.tr\/?page_id=82","title":{"rendered":"Ev"},"content":{"rendered":"<p>\u0130KAME evi uzak olan ve \u0130KAME seminerlerine kat\u0131lmak isteyen \u00f6\u011frencilere bar\u0131nma imkan\u0131 sunmaktad\u0131r.<\/p>\n<p>\u0130KAME\u2019nin bar\u0131nma imk\u00e2n\u0131 sundu\u011fu daireler \u0130stanbul \u0130lahiyat Fak\u00fcltesine 300 metre mesafededir.<\/p>\n<p>Dairelerin kapasitesi 8+1 \u00f6\u011frenciden olu\u015fmaktad\u0131r.<\/p>\n<p>Dairelerde \u00f6\u011frencilere bar\u0131nma ve ders \u00e7al\u0131\u015fma ortamlar\u0131 sunulmaktad\u0131r.<\/p>\n<p>Dairelerde g\u00fcvenlik ve huzuru sa\u011flamak \u00fczere gerekli \u015fartlar en \u00fcst seviyede haz\u0131rlanm\u0131\u015ft\u0131r.<\/p>\n<p>Bar\u0131nma ve di\u011fer \u015fartlarla ilgili ayr\u0131nt\u0131l\u0131 bilgi i\u00e7in \u0130KAME ile\u00a0telefon yahut e-posta yoluyla ileti\u015fime ge\u00e7ilebilir.<\/p>\n<p>\u0130KAME&#8217;nin Ev \u0130mkanlar\u0131ndan Yararlanmak \u0130\u00e7in A\u015fa\u011f\u0131daki L\u0130nki T\u0131klay\u0131n\u0131z:<\/p>\n<p><a href=\"https:\/\/docs.google.com\/forms\/d\/e\/1FAIpQLSfGcq979nE_tzb-OmE7-BcKn322YrYtSYqWItij1Ru01K7dIw\/viewform\" rel=\"noopener\" target=\"_blank\">Ev Formu<\/a><\/p>\n","protected":false},"excerpt":{"rendered":"<p>\u0130KAME evi uzak olan ve \u0130KAME seminerlerine kat\u0131lmak isteyen \u00f6\u011frencilere bar\u0131nma imkan\u0131 sunmaktad\u0131r. \u0130KAME\u2019nin bar\u0131nma imk\u00e2n\u0131 sundu\u011fu daireler \u0130stanbul \u0130lahiyat<\/p>\n","protected":false},"author":1,"featured_media":192,"parent":0,"menu_order":0,"comment_status":"closed","ping_status":"closed","template":"","meta":{"footnotes":""},"class_list":["post-82","page","type-page","status-publish","has-post-thumbnail","hentry"],"_links":{"self":[{"href":"https:\/\/www.ikame.org.tr\/index.php?rest_route=\/wp\/v2\/pages\/82","targetHints":{"allow":["GET"]}}],"collection":[{"href":"https:\/\/www.ikame.org.tr\/index.php?rest_route=\/wp\/v2\/pages"}],"about":[{"href":"https:\/\/www.ikame.org.tr\/index.php?rest_route=\/wp\/v2\/types\/page"}],"author":[{"embeddable":true,"href":"https:\/\/www.ikame.org.tr\/index.php?rest_route=\/wp\/v2\/users\/1"}],"replies":[{"embeddable":true,"href":"https:\/\/www.ikame.org.tr\/index.php?rest_route=%2Fwp%2Fv2%2Fcomments&post=82"}],"version-history":[{"count":7,"href":"https:\/\/www.ikame.org.tr\/index.php?rest_route=\/wp\/v2\/pages\/82\/revisions"}],"predecessor-version":[{"id":308,"href":"https:\/\/www.ikame.org.tr\/index.php?rest_route=\/wp\/v2\/pages\/82\/revisions\/308"}],"wp:featuredmedia":[{"embeddable":true,"href":"https:\/\/www.ikame.org.tr\/index.php?rest_route=\/wp\/v2\/media\/192"}],"wp:attachment":[{"href":"https:\/\/www.ikame.org.tr\/index.php?rest_route=%2Fwp%2Fv2%2Fmedia&parent=82"}],"curies":[{"name":"wp","href":"https:\/\/api.w.org\/{rel}","templated":true}]}}